d by p?
21
Suppose -12*k + 197 = 89. Let m(w) = -w**2 + 10*w - 9. Let i be m(7). Calculate the remainder when i/(-20) + 1592/20 is divided by k.
7
Let q = 2305 - 281. Calculate the remainder when q is divided by 1010.
4
Suppose 4*z - 68 = -4*a, -z - 474*a + 471*a + 17 = 0. Calculate the remainder when 185 is divided by z.
15
Let s be 0 + (-2)/(-2) + -5 + -62. Let w = 70 + s. Let d = w - -4. What is the remainder when 18 is divided by d?
2
Let w(a) = -75 + 8*a + 40*a - 57*a. What is the remainder when 209 is divided by w(-10)?
14
Let i = 15116 + -14997. What is the remainder when 2849 is divided by i?
112
Let o(r) = 2*r**2 - 70*r + 93. Let f be o(32). Let l = f - -149. What is the remainder when 196 is divided by l?
46
Let k(q) = -350*q + 66. Calculate the remainder when 460 is divided by k(0).
64
Let m(q) = 1970*q + 3006. What is the remainder when m(0) is divided by 21?
3
Let y = -44 - -171. Suppose -2*w = -53 - y. What is the remainder when w is divided by 23?
21
Let a(u) = 9*u + 51. Let q be a(-5). Suppose 111 - 519 = -q*x. Suppose 24 = -2*s - l + 72, 5*s - 2*l = 111. What is the remainder when x is divided by s?
22
Let z = 30406 - 30356. Calculate the remainder when (-4)/6 - (-1293)/9 is divided by z.
43
Let o be (-81)/6*(-3)/(9/20). Suppose -3*c = c + k - 379, 0 = -3*c + 4*k + 270. Let w = o + c. What is the remainder when w is divided by 47?
43
Suppose -4*f - 5 = 3*b - 169, 0 = -2*b - f + 101. Suppose 46*c + 88 = b*c. Calculate the remainder when c is divided by 39.
5
Let n(k) be the first derivative of k**4/2 + 61*k**3/3 + 15*k**2 + 25*k - 207. Calculate the remainder when 220 is divided by n(-30).
20
Let v(i) = -12*i + 6. Let x be v(-2). Suppose 3*o - 16 = -2*r, -2*r = -6*r - 5*o + x. Suppose -46 = r*p - 241. Calculate the remainder when p is divided by 21.
18
Let t(k) = -2*k**2 - 6*k + 8. Let x(v) = -2*v**2 - 2*v - 2. Let r be x(-2). Let n be t(r). What is the remainder when (2 - -9)*n/(-4) is divided by 26?
25
Let b = 30 - 28. Suppose n + 3*o = 14, -b*n - n + 4*o = 23. Calculate the remainder when 19 is divided by n/((-1)/8) - -3.
8
Let k(w) = 956*w + 3267. Let l(p) = -p**3 - 12*p**2 - 3*p - 5. What is the remainder when k(-3) is divided by l(-12)?
27
Let v(d) = -12*d + 2. Let u = 135793 + -135785. Calculate the remainder when v(-3) is divided by u.
6
Suppose 7*h = 13*h + 12. Calculate the remainder when 32 is divided by 21 - (h - (-6 + 4)).
11
Suppose 2*r - 21 = 19. Suppose 0 = -r*m - 37*m + 3420. What is the remainder when 177 is divided by m?
57
Suppose -3*b + 8*b = 10. Suppose -2*w = -4, -w + 2*w - 9 = -s. Calculate the remainder when s is divided by ((-50)/20)/((-1)/b).
2
Let t(n) = -n + 3. Suppose 3*j - 487 = -13. Suppose -8*x + 22 = j. What is the remainder when 58 is divided by t(x)?
18
Suppose 8*j - 4*j + 12 = 0. Let l(m) = -m**2 - 10*m - 30. Let u be l(-5). What is the remainder when 102/u*10/j is divided by 23?
22
Suppose -5*s + 11 - 1 = 0. Suppose -19*y = -21*y + 44. Suppose -2*i + w = -4*w - 15, s*w = -2*i + y. What is the remainder when i is divided by 6?
4
Let w = 2 + -1. Let d be (-115)/69 + (-605)/(-3). Let j = 203 - d. What is the remainder when j is divided by w?
0
Let g(d) be the first derivative of -2*d**2 - 14*d - 9. Let i be g(-4). Suppose -4 = -i*r - 2, 5*y - 5*r = 100. What is the remainder when y is divided by 6?
3
Let m be (-6 - -6)*(-10 + 9). Suppose -3*j - 5*l + 1049 = m, 3*l = 3*j + 183 - 1224. What is the remainder when j is divided by 70?
68
Suppose 2*r - 157 = -g, 391 = 5*r + 3*g - 0*g. Let b(v) = -v**2 + 268*v - 16097. Calculate the remainder when b(92) is divided by r.
15
Suppose -2*n + 4*w + 26 = 0, -1 = 3*n + 2*w + 2*w. Calculate the remainder when 8/((-160)/(-12)) - (-3528)/20 is divided by n.
2
Let j(d) = -9*d - 3. Suppose 127*h - 8513 = -258. Calculate the remainder when h is divided by j(-3).
17
Suppose -24*o + 16*o + 800 = 0. Suppose -328 - o = -4*b. Calculate the remainder when b is divided by 56.
51
Let y(v) be the third derivative of 5/6*v**3 + 1/12*v**4 + 0*v + 0 + 20*v**2. Calculate the remainder when 33 is divided by y(2).
6
Let j be 9244/12 - ((-20)/3 + 7). Let w = 791 - j. What is the remainder when 139 is divided by w?
13
Let m(q) be the third derivative of -143*q**4/24 + 2*q**3/3 + 14*q**2 + 3*q. What is the remainder when m(-1) is divided by (-35 - (2 - 7))/(-1*1)?
27
Let g(i) = -27*i - 267. Calculate the remainder when 59 is divided by g(-10).
2
Let a = 205 + -237. Calculate the remainder when 111 is divided by (-1)/(((-12)/60)/(a/(-10))).
15
Suppose -2*m - 3*p = 68, 11 - 43 = m + 2*p. Suppose -4*b + 364 = 4*w, 5*b + 97 = 9*w - 8*w. Let s = m + w. What is the remainder when s is divided by 11?
8
Let y be 14/4 - (-27)/18. Suppose -88 = y*u + 4*j, 0 = -2*u + u + 3*j - 29. What is the remainder when u/(-9) + 4/90*-5 is divided by 1?
0
Suppose -327*x + 96 = -319*x. What is the remainder when 510 is divided by x?
6
What is the remainder when 946 is divided by 73 - -1 - (-87 - 33)/(-20)?
62
Suppose 181*v - 3059 - 2733 = 0. Calculate the remainder when 1852 is divided by v.
28
What is the remainder when 248 is divided by (-12180)/(-49) + 11/(616/24) + -8?
7
Let t(x) = -27*x**2 + 704*x - 32. Calculate the remainder when 125 is divided by t(26).
5
Suppose -4*a + 2*m - 46 = 0, -5*a - 5*m = -9*m + 53. What is the remainder when (-1 - a)/2*(-2415)/(-210) is divided by 35?
34
Suppose 3*k - 29 = -5*l, -3*k + 12 = 4*l - 13. Let d be 44/12*k/6*6. Calculate the remainder when 68 is divided by (d - -1)/(4/6).
14
Let o(d) be the first derivative of -7*d**2 - 21*d + 219. Calculate the remainder when 40 is divided by o(-3).
19
Let r(p) = -32*p - 92. Let i be r(-6). Suppose 0 = -2*v - 5*w + 159, 535 = 5*v + 5*w + i. Calculate the remainder when v is divided by 10.
2
Let s = 47 + -690. Let g = s - -653. What is the remainder when 13 is divided by g?
3
Suppose 2*i - 38 = 5*f, 0 = -4*i + 2*i - 3*f + 6. Let p = 632 + -172. Let m = 491 - p. Calculate the remainder when m is divided by i.
4
Suppose u + 11 - 74 = 5*o, -u + 55 = -3*o. Let l = -63 + -87. Let j = -67 - l. What is the remainder when j is divided by u?
40
Let n(o) = o**3 - 9*o**2 - 16*o - 34. What is the remainder when 94 is divided by n(11)?
30
Let f(y) = -29*y + 19. Suppose 444 = 8*m - 252. Let i = -95 + m. What is the remainder when f(i) is divided by 28?
27
Let l(z) = z**2 + 97*z + 1653. Calculate the remainder when 239 is divided by l(-21).
11
Suppose -3*v + 424 = -h, -4*v - 130*h + 128*h + 552 = 0. What is the remainder when v is divided by 134?
6
Let x(t) = 6*t**2 + 44*t + 139. Calculate the remainder when 682 is divided by x(-5).
61
Suppose -5*c - 15 = -0*c. What is the remainder when 850/10 - ((-3)/c - -2) is divided by 23?
13
Let k be 0 - ((-6)/(-3) - 7). Suppose 0*m + 30 = k*w + m, 0 = 2*w + 4*m - 12. Let g(c) = c**2 - c - 7. What is the remainder when g(w) is divided by 3?
2
Let o = 1724 + -1374. What is the remainder when o is divided by 124?
102
Suppose 22*o = 83*o - 27755. What is the remainder when o is divided by 20?
15
Let o(j) = -14*j + 216. What is the remainder when o(8) is divided by 68?
36
Let g = -29033 + 29047. What is the remainder when 1592 is divided by g?
10
Let v be (-7)/(-49) - 26/(-14). Suppose -w - 177 = -5*f, v*f - f = -3*w + 29. What is the remainder when 69 is divided by f?
34
Suppose -27394 = -132*i + 138794. What is the remainder when i is divided by 182?
167
Suppose 5*d - 7 = 188. What is the remainder when d is divided by 74*(-2)/(-4) - (-35 + 36)?
3
Calculate the remainder when 9 + 129 + -5 + 9 is divided by 61.
20
Let y be (-24)/(-7) - (-54)/(-126). Let l = 4 + y. Suppose 12 = 5*x + 3*r, 0 = -2*x + l*r - 2*r + 11. What is the remainder when 14 is divided by x?
2
What is the remainder when 606/10 + 10/25 is divided by ((-1190)/(-175))/((-12)/(-30))?
10
Suppose -5*a + 51*q + 7013 = 44*q, 5613 = 4*a - 3*q. What is the remainder when a is divided by 347?
16
Let h = 97 + -150. What is the remainder when 1 - (h + -6 + -1) is divided by 11?
6
Let l(n) = 328*n - 1166. What is the remainder when l(5) is divided by 107?
46
Suppose -5*s - 6096 = -4*g, -148*g = -149*g - 5*s + 1524. Calculate the remainder when g is divided by 153.
147
Suppose 3*k + 786 = 2*u, 9*k - 7*k = 4*u - 1572. Calculate the remainder when u